 1 - (-3 + 5) - (-7 + -1)?
10
Evaluate 7 + -13 + (1 - -2) + (3 - -3).
3
Evaluate -1105 + 1165 - (2 - -17).
41
Calculate (15 - -22) + -6 + -21.
10
What is -33 + 2 - (373 - 376)?
-28
-944 + 953 - (8 - (4 - 2))
3
What is 15 - (47 + -34) - -9?
11
What is 14 - 22 - 11 - -3?
-16
What is the value of -5 + 4 - 2 - ((5 - 4) + 4)?
-8
Evaluate 1 + -9 - (-1 + -1 + (-3 - -13)).
-16
Evaluate 19 - ((-4 - (-5 + -5)) + (0 - 9)).
22
Evaluate -2 - 3 - (-24 - ((-10 - -18) + -10)).
17
What is -15 - (-30 + 4) - (-3 + 27)?
-13
What is -41 + 38 + (-4 - (-7 + 3))?
-3
What is the value of 0 + 4 - (51 + -47)?
0
Calculate 4 + (9 - 18) + 17 - 2.
10
What is the value of 26 + (-7 - 7) + -27?
-15
Evaluate (5 - (4 + -1 + 6 + -5)) + 1.
2
What is 2 - 7 - (-60 + 44)?
11
Evaluate -8 + 51 + -54 - (-22 - (0 - 2)).
9
What is the value of (-9 - -5 - -20) + -26?
-10
Calculate -6 + (10 - 6) + (-6 - (-11 + 0)).
3
What is (-23 - (0 + -1)) + (0 - 4) + 9?
-17
What is 26 - (15 + (10 - 1))?
2
-21 - (0 + 3 + -14) - -2
-8
Calculate 14 - (-8 + 1 + -8 - -15).
14
-6 - (1 - 1 - 2 - -7 - 0)
-11
3 + -7 + 9 + -4 + -15
-14
Calculate -11 + 23 + -13 - 12.
-13
9 - (15 - (5 - 1)) - 4
-6
Evaluate -26 - 2 - (-37 + -11 - -31).
-11
Calculate -3 - (33 + -6 + -17).
-13
Evaluate -1 + -10 - -7 - 8.
-12
Calculate 8 - (-3 - -7) - (-9 + 20).
-7
Calculate 9 + (-33 - (-37 + 6)).
7
Evaluate -71 + 64 + 15 + -2 + 3.
9
Evaluate 22 + 15 + -5 + -17 + -2 + 0.
13
What is the value of 13 + -17 - -3 - (-2 - -2)?
-1
Calculate (-19 - -10) + (10 - (-28 - -24)).
5
Evaluate 3 + 1 - (2 + (6 - 6)).
2
Calculate 2 + 9 + 1 + -6 + -4 + 0.
2
Evaluate -2 - (-170 + 161 + (-2 - (-1 - 22))).
-14
Evaluate (-3 - (20 - 6)) + (3 - (0 + 1)).
-15
Calculate (-23 - (-3 - -3)) + 2 + -22 + 25.
-18
Evaluate (-7 - -1) + -1 + 1 + 8.
2
What is the value of -17 + (-3 - -6) - -5?
-9
Calculate -42 - (-35 + (-18 - -13)).
-2
Calculate 4 - 14 - (-6 - (-17 + 7)).
-14
12 + -10 + -15 + 1
-12
What is the value of -14 - (-9 - (-9 - -4)) - -7?
-3
Calculate 2 - (-14 + (-12 - -26) - (-1 + -4)).
-3
Calculate -2 + 109 + -96 + (2 - 0).
13
What is the value of 59 - (-15 - -93) - (-1 + -19)?
1
13 - (-16 - (-6 - 10) - (1 - 6))
8
What is the value of 2 + -1 - (-7 - -5 - -5 - -2)?
-4
What is the value of 127 + -139 + 4 + (3 - -4)?
-1
Calculate -13 + 6 - -13 - 16 - -7.
-3
What is the value of -5 + 1 + (-2 - (49 + -52))?
-3
Calculate (15 + -1 - (-1 + 10 + 2)) + -14.
-11
Evaluate (4 - (-1 - 0)) + (-3 - (-8 + 9)).
1
What is the value of -14 + 6 + (3 - 0) - -16?
11
Evaluate 8 - (-35 + (11 - -18)).
14
What is 10 - -1 - (4 + 21)?
-14
Calculate -34 - -13 - -9 - 15.
-27
What is the value of (-13 - (0 - (2 - -1))) + 2 + 0?
-8
What is the value of -4 + 38 + -11 + -27?
-4
What is 3 - (-23 + -5 + 9)?
22
Evaluate 0 + -3 - (-29 - -17).
9
What is the value of (12 - 1 - -2) + (-7 - -4)?
10
Evaluate -7 - (3 + (2 - 7)) - -6.
1
Evaluate (6 - 4) + (-20 + -6 + 5 - 0).
-19
Evaluate (-18 - -47 - 28) + (4 - -2).
7
Calculate -1307 - -1298 - (-1 + 0 + -2 - -1).
-7
Evaluate (-18 + 23 - (0 + 7)) + 10 - 12.
-4
Calculate 1 + 1 + -5 + -713 + 706.
-10
Evaluate 0 + 1 - (-11 - (6 + -31)).
-13
Calculate (16 - (-27 - -72)) + 27.
-2
Evaluate -10 + -5 + (-2 - -3 - -23).
9
Evaluate 0 + (3 - (-4 - -1) - 3) - 2.
1
-4 + 2 + -1 - -8
5
Calculate 35 - (-163 - -148 - (-23 + 1)).
28
26 + -28 - (-13 - -2) - 8
1
Calculate 10 - (-6 - -2) - (6 + 0 - 2).
10
What is -4 - ((19 - (-9 - -18)) + -10)?
-4
Calculate (-15 - -29) + -12 + (-8 - 3).
-9
Evaluate (0 - (3 + -11)) + (157 - 154).
11
What is the value of -1 + -20 - (-11 + 10 + -8 + 13)?
-25
What is -13 - (-25 - -22) - (-13 + 0)?
3
What is the value of 12 + 6 + -22 + 10?
6
(6 + -7 - 1) + 8
6
What is 113 + -100 - (-1 + 17)?
-3
What is the value of (-18 - -12 - 8) + 12?
-2
Evaluate 20 + -3 + (-1 - 6) + (-10 - -13).
13
What is the value of 19 + (13 - (-10 - -29))?
13
-14 + (13 - -6) + -18
-13
What is the value of (0 - 6 - -7) + -14?
-13
(19 - (-9 + 23) - -14) + -16
3
4 + 0 + -4 + -8 + -11 + 25
6
What is (-3 - 34) + (27 - 39 - (-3 - 13))?
-33
Evaluate 6 + 5 + (-6 - (6 - 3)) + -5.
-3
What is the value of -8 + 7 + -4 - -14?
9
-2 + 10 - (34 - (3 + 14))
-9
Evaluate (-25 - -4) + 44 + -9.
14
-15 + 10 + (22 - 10)
7
What is the value of (5 - (1 + 7)) + (1 - 20) + 19?
-3
Calculate -4 - ((2 - -13 - 8 - 16) + 15).
-10
Calculate 2 + 7 - (233 - 256).
32
(-4 - -3 - 1) + (-2 - -4 - 11)
-11
Calculate 5 + (-10 + -2 - 2) - -4.
-5
Calculate 6 - ((8 - (-1 - -2)) + (-82 - -77)).
4
What is the value of -2 + 11 + (21 - 22) + 6 - 5?
9
What is the value of 1 - -1 - (-20 + (-15 - (6 - 42)))?
1
What is the value of 0 + -10 + 17 + 2 + 2 + 2?
13
Evaluate -43 - (-68 + (16 - 23)).
32
Calculate 0 + -7 - ((3 - -17) + -11).
-16
Calculate 23 + (18 - 16 - 16) - (4 + -1).
6
What is (7 - 8 - (0 + -2)) + 25 + -13?
13
What is the value of 2 - 3 - (21 + -17 + -3) - -9?
7
Evaluate 7 - (-21 - (-7 - 37)).
-16
(-23 - -22 - (-3 + 6)) + (12 - 0)
8
What is -7 + (-3 - (-16 - (8 + 3 + -8)))?
9
-2 + (3 - 5) + (18 - 6)
8
(2 - -4) + -44 + -23 + 71
10
What is -13 + 22 + 4 + -14?
-1
Evaluate 8 + (7 + 3 + -2 - 23) + 3.
-4
What is 19 + -12 + 0 + -1 + -2?
4
Calculate 5 + (5 - 3) - ((-2 - -22) + -14).
1
What is 3 + 1 + -6 + (-12 - -7)?
-7
-7 + (15 + -14 + (0 - 8) - -5)
-9
4 + (-4 - -1) - (1 + (20 - -4))
-24
What is the value of -2 + 2 - (-4 + 0 + 7)?
-3
Evaluate 0 - (0 + (-2 - 0)) - (9206 - 9203).
-1
(-13 - -2) + 12 + 12 + -2 + 2
13
What is 2 + -1 + 2 + -18 + 17 + 8?
10
Evaluate (-3 - (12 + -7 + -18)) + -40 + 2.
-28
Calculate 16 - (2 - (3 - (0 + 0 - -6))).
11
13 - (10 - 2 - -1) - 12
-8
Evaluate -2 - (-14 + -7 + 7 - -6).
6
What is the value of ((11 - 27) + -3 - (0 - 4)) + 5?
-10
What is the value of 14 + (17 - (51 - 15) - 1)?
-6
Evaluate 0 - 3 - (-14 - (13 - 24)) - 6.
-6
Calculate -15 + (5 - -12) - 2.
0
Evaluate -2 + (-15 - -20) - 1.
2
Calculate 44 - 29 - 3 - 36.
-24
(-22 - -8 - -26) + -2 - 28
-18
(-27 + 21 - (14 + -7)) + 32
19
What is 3 - (-4 + 20 + -10 - (1 - -2))?
0
What is 6 - 3 - (12 + (26 - 15))?
-20
Calculate 14 - (19 + (-21 - -24)).
-8
What is the value of -2 + (-7 - -6 - 9) + 9?
-3
What is the value of 2 + (2 + -1 - 1 - -5)?
7
(-1 - 2) + (21 - (0 + 15)) + -6
-3
22 + 0 + -39 + 39
22
64 + -49 - (0 - -10) - -5
10
Calculate 4 - (0 - -6 - -2 - 3).
-1
Calculate 2 + (-10 - -19) - 6.
5
Calculate -1 + -9 + 1 + 2 + (-4 - -4).
-7
Evaluate -1 - 8 - (-22 + -9 + 40).
-18
What is the value of (3 - (12 - 26)) + -6?
11
Evaluate 8 + -10 + -6 + 19.
11
Calculate -39 + -5 + 14 + 14.
-16
What is the value of 8 + (0 - 6) - (-11 - -13)?
0
What is -14 - (1 + 0 - (9 - (-3 - -7)))?
-10
What is (-22 - -19) + -15 + (-2 - -37)?
17
Calculate (-180 - -98) + 85 + 28 + -1 + -1.
29
What is the value of (29 - (14 + 6 + -11)) + -9?
11
What is 1 - 10 - (23 - (43 + 12))?
23
Calculate 281 + -287 + (0 + -1 - 1) - -2.
-6
Calculate -32 + -7 + (-4 - -29).
-14
6 + (13 - 17) - (-16 - -5)
13
Evaluate 16 + -2 + 56 + -65.
5
What is the value of -8 + (4 - (-17 - -19))?
-6
What is the value of (2 - 4) + -6 + -12 + 25?
5
Calculate (-14 + 13 - 6) + 14.
7
Evaluate (24 - 20) + 8 - 16.
-4
Calculate (-3 - -12) + (10 + -3 - 11).
5
Evaluate (-26 + 14 - (-7 + 14)) + 13.
-6
What is -4 + 4 - (20 + -16 + -3)?
-1
Calculate 1331 - 1324 - (-1 + -19).
27
What is -9 + (1 - 4) + 23?
11
What is the value of (-19 - -13) + (0 - -15) + -5?
4
Evaluate (1 - -6) + (10 - 31) + -8.
-22
-2 + -1 + 0 + (-18 - -10)
-11
Calculate 3 + (5 - 8 - 9) + 4.
-5
-1 + 1 + -8 + -2 + 3 + 14
7
What is -1 - ((16 + 9 - 23) + 0 + -1)?
-2
2 + (6 + 2 - (-7 + 9))
8
-9 + -2 + (-74 - -102) - (-1 - -1)
17
What is 0 + -6 - (-4 + -4)?
2
What is 4 - -3 - (-6 + -6)?
19
Evaluate 11 - (2 - 6) - 8.
7
Evaluate 1 + 0 + 1 - (46 - 49) - 8.
-3
What is the value of (25 - 22) + -8 + 1?
-4
10 - ((7 - (-8 + 8)) + 7)
-4
What is -5 + (26 - 23 - (-1 + 3)) - -1?
-3
What is the value of -14 + 1 + -9 + (34 - 17)?
-5
-1 - -1 - ((79 - 36) + -34)
-9
What is -2 + 4 + 23 + -21 - (9 - 17)?
12
What is the value of 9 + 11 + -7 + -71 + 79?
21
-29 + (16 - (-3 - (-4 + -9)))
-23
-31 + 7 + 27 - 19
-16
What is the value of 2 - (-6 + 7) - -17 - 3?
15
Evaluate -20 + -14 + 5 + 21.
-8
Calculate (2 - -3) + 20 + -1 + -18.
6
Evaluate 32 + (-33 - (9 - 39)).
29
Evaluate 78 + -94 + 31 + -2.
13
Calculate 15 + (16 - 15) + -39.
-23
What is the value of -2 - -4 - (17 - (0 - (11 + -2